{"id":35,"date":"2015-02-16T08:40:25","date_gmt":"2015-02-16T07:40:25","guid":{"rendered":"http:\/\/fahr-rad-service.de\/?page_id=35"},"modified":"2015-03-01T11:12:06","modified_gmt":"2015-03-01T10:12:06","slug":"home","status":"publish","type":"page","link":"https:\/\/fahr-rad-service.de\/","title":{"rendered":"Willkommen"},"content":{"rendered":"<p><span class=\"style1\"><strong>Ja<\/strong> ,<\/span> hier sind Sie richtig.<br \/>\nSeit 28 Jahren vermieten wir gepflegte Fahrr\u00e4der in allen Gr\u00f6\u00dfen.<br \/>\nService wird bei uns <strong>\u201eGro\u00df&#8220;<\/strong> geschrieben.<br \/>\nIhr Fahrrad braucht eine Inspektion, auch das ist unser Fachgebiet.<br \/>\nSchnell und gr\u00fcndlich sind wir f\u00fcr sie da.<\/p>\n<p>Ihr Fahr &#8211; Rad &#8211; Service &#8211; Heino Klein<br \/>\nInh. Monika Klein<\/p>\n","protected":false},"excerpt":{"rendered":"<p>Ja , hier sind Sie richtig. Seit 28 Jahren vermieten wir gepflegte Fahrr\u00e4der in allen Gr\u00f6\u00dfen. Service wird bei uns \u201eGro\u00df&#8220; geschrieben. Ihr Fahrrad braucht eine Inspektion, auch das ist unser Fachgebiet. Schnell und gr\u00fcndlich sind wir f\u00fcr sie da. &hellip; <a href=\"https:\/\/fahr-rad-service.de\/\">Weiterlesen <span class=\"meta-nav\">&rarr;<\/span><\/a><\/p>\n","protected":false},"author":4,"featured_media":0,"parent":0,"menu_order":0,"comment_status":"closed","ping_status":"closed","template":"","meta":{"footnotes":""},"class_list":["post-35","page","type-page","status-publish","hentry"],"_links":{"self":[{"href":"https:\/\/fahr-rad-service.de\/index.php?rest_route=\/wp\/v2\/pages\/35","targetHints":{"allow":["GET"]}}],"collection":[{"href":"https:\/\/fahr-rad-service.de\/index.php?rest_route=\/wp\/v2\/pages"}],"about":[{"href":"https:\/\/fahr-rad-service.de\/index.php?rest_route=\/wp\/v2\/types\/page"}],"author":[{"embeddable":true,"href":"https:\/\/fahr-rad-service.de\/index.php?rest_route=\/wp\/v2\/users\/4"}],"replies":[{"embeddable":true,"href":"https:\/\/fahr-rad-service.de\/index.php?rest_route=%2Fwp%2Fv2%2Fcomments&post=35"}],"version-history":[{"count":12,"href":"https:\/\/fahr-rad-service.de\/index.php?rest_route=\/wp\/v2\/pages\/35\/revisions"}],"predecessor-version":[{"id":159,"href":"https:\/\/fahr-rad-service.de\/index.php?rest_route=\/wp\/v2\/pages\/35\/revisions\/159"}],"wp:attachment":[{"href":"https:\/\/fahr-rad-service.de\/index.php?rest_route=%2Fwp%2Fv2%2Fmedia&parent=35"}],"curies":[{"name":"wp","href":"https:\/\/api.w.org\/{rel}","templated":true}]}}

<p><span class="style1"><strong>Ja</strong> ,</span> hier sind Sie richtig.<br />
Seit 28 Jahren vermieten wir gepflegte Fahrräder in allen Größen.<br />
Service wird bei uns <strong>„Groß&#8220;</strong> geschrieben.<br />
Ihr Fahrrad braucht eine Inspektion, auch das ist unser Fachgebiet.<br />
Schnell und gründlich sind wir für sie da.</p>
<p>Ihr Fahr &#8211; Rad &#8211; Service &#8211; Heino Klein<br />
Inh. Monika Klein</p>

<p>Ja , hier sind Sie richtig. Seit 28 Jahren vermieten wir gepflegte Fahrräder in allen Größen. Service wird bei uns „Groß&#8220; geschrieben. Ihr Fahrrad braucht eine Inspektion, auch das ist unser Fachgebiet. Schnell und gründlich sind wir für sie da. &hellip; <a href="https://fahr-rad-service.de/">Weiterlesen <span class="meta-nav">&rarr;</span></a></p>
